e d(c).
19
Let r(i) = -i - 4. Let g be r(-4). Let j = 69 - 65. Let v(u) = -u**2 + u - 6. Let l(c) = 1. Let m(t) = j*l(t) + v(t). Give m(g).
-2
Let i(s) = 195*s - 15*s**3 - 103*s - 1 - 2*s**2 - 90*s. Suppose 0 = -2*r - 5*f - 23, -3*r - f = -2 + 4. Give i(r).
-16
Suppose -4*v = -4*o - 24, -o - 3*v - 3 = -1. Let b(i) be the second derivative of -5/2*i**2 + 5*i + 0 - 1/2*i**3. What is b(o)?
10
Let b(x) = -5*x + 39. Suppose -4 - 33 = -4*r + y, -24 = -2*r + 6*y. What is b(r)?
-6
Let l(x) = 10*x + 78. Let m be l(-4). Suppose m*v + 87 + 65 = 0. Let c(h) = h + 3. What is c(v)?
-1
Let f(i) = -238*i**2 + 38*i - 45*i + 239*i**2. Let p be (-1)/2 + 38/4. Suppose -2*w = -3*n + p, 5*n + w = -0*w + 28. Calculate f(n).
-10
Let q(p) = -p + 1. Let f be ((-153)/204)/(1/(-100)*1). Let t = -55 + f. Suppose 4*u + t = 3*h + h, 0 = h - 2*u - 8. What is q(h)?
-1
Let q(o) = -o**2 - 2*o + 5. Suppose 5*p - 3*h = 2*h - 25, 4*p + 4*h = -4. Let y be q(p). Let g(j) = 130*j + 126*j + j**3 - j**y - 256*j + 7. Determine g(0).
7
Let k(v) = 15*v**2 + 19*v + 11. Let z(o) = -21*o**2 - 18*o - 10. Let g(t) = 3*k(t) + 2*z(t). Determine g(-7).
13
Let p(c) = -c**3 + 2*c**2 - 33*c + 14. Let f be p(-7). Let q = f - 692. Let j(x) = 5*x + 17. Calculate j(q).
-13
Suppose -5*c + 4*h + 73 - 10 = 0, -28 = 4*h. Let l(s) = -s - 1. Let y(z) = -z**3 + 8*z**2 - 7*z + 11. Let a(v) = -3*l(v) - y(v). Give a(c).
13
Let q(y) = 10*y**2 + 2*y - 6. Let t be q(4). Suppose 4*b - 482 = -t. Let o be b/14 + 2/7. Let l(n) = -n**2 + 7*n - 5. Calculate l(o).
1
Let v(x) = 4*x + 329*x**2 - 2*x - 182*x**2 + 6*x - 179 - 146*x**2. Give v(10).
1
Let r(n) be the second derivative of -7/6*n**3 + 0 - 137*n - 1/12*n**4 - 1/2*n**2. Calculate r(-5).
9
Suppose 0 = -3*i - 5*j, -4*i + j = 2*j. Suppose -5*q + 13 = -2*c - 0*q, -3*c + 38 = 4*q. Let o(n) = 3*n - 4*n + c + 13. What is o(i)?
19
Let h(l) = 99*l**2 - 1795 + 6*l - 91*l**2 + 1785 - 4*l**3 + 5*l**3. Let x(i) = 3*i + 2. Let b be x(-3). Calculate h(b).
-3
Let p(i) = i**3 - 19*i**2 + 77*i - 29. Let j be p(5). Let m(v) = 0*v - 4 - 3*v + 10. Give m(j).
-12
Let n(d) = -188*d - 2091. Let y be n(-11). Let b(z) = -z**2 - 24*z - 1. What is b(y)?
22
Let b(l) = -74*l**2 - 6*l - 3 + 10 + 138*l**2 + 4*l - 65*l**2. Calculate b(-7).
-28
Let a(g) = -g**2 - 13*g + 25. Suppose 2*v - 2*z + 58 = -v, -64 = 2*v + 5*z. Let r(j) = 14*j + 293. Let u be r(v). What is a(u)?
-5
Let o(p) = -22*p - 304. Let g be o(-14). Let s(b) = -25*b + 2. Let k(c) = 31*c - 3. Let h(y) = g*k(y) + 5*s(y). Calculate h(-10).
8
Let v(h) = 16*h - 3*h**2 + 47*h - 126*h + 55*h. Determine v(-5).
-35
Let t(v) = 12 - 382*v**2 - 362*v**2 - 9 + 700*v**2 - 4*v. Calculate t(1).
-45
Let i(p) be the second derivative of p**5/4 + p**4/6 + 5*p**3/6 + p**2/2 + 6143*p. Calculate i(-2).
-41
Suppose 2*r = -12*r + 56. Let c(i) be the second derivative of 0 - 1/12*i**4 + 7/6*i**3 + 1/2*i**2 + 14*i. Determine c(r).
13
Let m(b) = 10 + b**3 - 1 - 2*b**3 + 593*b**2 - 587*b**2 - 2*b. Calculate m(6).
-3
Suppose 5*m - 4*o = 4*m + 6, 0 = -4*m - 5*o + 3. Let v(p) = -38*p**2 - 17*p - 34*p**2 - 35*p**2 + 142*p**m - 26 - 36*p**2. Give v(-15).
4
Let v be (25 - 30)/(6/(-5) + 1). Let y(o) = o**3 - 25*o**2 - o + 21. Let s be y(v). Let f(z) = z**3 + 4*z**2 + z + 5. Give f(s).
1
Let r(u) = 31*u**2 - 7*u + 5. Let d be r(1). Let t(f) = -36*f + f**2 - 37*f + 117*f + 16 - d*f. Determine t(-13).
-10
Suppose -10 = 2*c + 3*z, 5*c + 15*z - 13*z = -14. Let j(w) = -w**3 + 2*w**2 + 3*w - 1. Determine j(c).
9
Let n(w) = w**2 - 5*w - 10. Suppose -4*p + 106 = s, -4*p + 4*s + 94 + 22 = 0. Suppose -p*l = -42*l + 105. What is n(l)?
4
Suppose 5*o + 119 = 6*d - 0*o, d + o - 29 = 0. Let m(h) = h**2 - 24*h - 1. Calculate m(d).
-1
Let r(h) be the third derivative of 19*h**2 - 3*h + 0 + 1/12*h**4 - 4/3*h**3. Determine r(10).
12
Let n(h) = 750*h**2 + 0*h**3 - h**3 - 31*h + 0*h**3 - 781*h**2 - 24. Let s be n(-30). Let k(y) = -y**3 + 7*y**2 - 7*y - 8. Determine k(s).
-14
Let f(p) = 7*p - 15*p + 5*p - 2 + 2*p - p**2 + p**3. Let h be (301/105 - 2/(-15)) + -5. What is f(h)?
-12
Let d(a) = -7*a**3 + 4*a**2 + 4*a - 1. Let x(v) = v**3 + 23*v**2 - 15*v + 214. Let p be x(-24). Determine d(p).
63
Let a = 12118 + -12114. Let l(z) be the third derivative of 0*z - 9*z**2 - 1/12*z**a + 1/60*z**5 + 0 - 7/6*z**3. Calculate l(5).
8
Let x(d) be the first derivative of -20 + 0*d + 0*d**2 - 11/24*d**4 - 3*d**3 - 1/120*d**5. Let s(m) be the third derivative of x(m). Give s(0).
-11
Suppose 4*u = 3*k + 24, 0 = 3*u - 2*k + 13 - 31. Let g(o) = 0 + 3*o + 3 - u*o**2 + 24*o**3 - 46*o**3 + 23*o**3. Let t be 2/7 - (-33)/7. What is g(t)?
-7
Let h be 4/(-6)*(-45)/(-3). Let b(n) = 49*n + 10 - 22*n - 26*n + 6. Let x be b(h). Let y(j) = -j. Calculate y(x).
-6
Let p = 3 + -5. Let a(u) = -6*u + 4. Let i(g) = 4*g - 1. Let m(t) = a(t) + 2*i(t). Let l be m(p). Let v(o) = o**3 + 2*o**2 + 3*o + 1. What is v(l)?
-5
Suppose -96 = 15*d - 21*d. Let a be (-34)/272 - (-82)/d. Let u(t) = t**2 - 7*t + 7. Determine u(a).
-3
Suppose -241*c = -235*c + 240. Let r = c + 51. Let i(v) = -v + 20. What is i(r)?
9
Let w(g) = -31*g**2 - 124*g - 3. Let n be w(-4). Let r(i) = 2*i**2 - 6*i - 4. What is r(n)?
32
Let s(m) = -m**2 - 83*m - 458. Suppose b = -3*t - 89, -614 = 5*b - 4*t - 245. What is s(b)?
4
Let r(o) = -11*o + 23*o + 2 - o**2 - 15*o. Let g(t) = -t**3 + 10*t**2 - 17*t + 10. Let w be g(8). Give r(w).
-8
Let x(l) = 3*l**2 + 4*l - 1. Let z(m) = -2*m + 5*m**2 - 15 + 20 - 7 + 6*m. Let r(w) = 3*x(w) - 2*z(w). Suppose -4*q = -5*o - 12, -6*o = -2*o. Calculate r(q).
4
Let k = 3734 + -3728. Let t(x) be the second derivative of -11*x + 4/3*x**3 + 0 - 1/12*x**4 - 3/2*x**2. Give t(k).
9
Let x(v) = -3*v + 14. Let c be 2/1*(7 + (-30)/4). Let l(k) = -k + 2. Let b(a) = c*x(a) + 2*l(a). Let h(g) = -g**3 - g + 6. Let p be h(0). What is b(p)?
-4
Let q(p) = -p**3 - 6*p**2 - 4*p + 6. Let v be -44*((-7)/(-14) + -1). Suppose 0 = -5*x + v*x + 85. Calculate q(x).
1
Let p(q) be the third derivative of q**6/120 + 2*q**5/15 - 3*q**4/8 - q**3/3 + 21*q**2 + 59*q. Determine p(-9).
-2
Let h = -1087 + 1081. Let m(p) = -2*p**2 - 18*p - 59. Determine m(h).
-23
Let a(y) = -10*y**2 + 50*y - 301. Let i(d) = -3*d**2 + 17*d - 93. Let m(s) = -4*a(s) + 13*i(s). Give m(4).
95
Let v be 1 - (0 + ((-4)/36 - (-4624)/144)). Let x(i) = -i**3 - 30*i**2 + 32*i + 22. Calculate x(v).
-9
Let n(o) be the second derivative of o**4/6 + 7*o**3/6 - 3*o**2/2 - 24*o + 3. Let z(b) be the first derivative of n(b). What is z(5)?
27
Let t(m) = -8*m**2 - 14*m - 25*m + 1 + 40*m. Let i = 1 - 2. What is t(i)?
-8
Let k(m) = 6*m**2 - 3*m. Let l(h) = h**2 + 14*h + 6. Let i be l(-14). Suppose d = -3*z + 11, -3*z + i = -z. Suppose -d*t - 22 + 26 = 0. What is k(t)?
18
Let n(l) = 1 + 2 + 0 - 2 - 2*l**2 - 13*l**3. Let v(h) = 4*h + 6. Let r be v(-1). Suppose -4 = -6*w + r. Determine n(w).
-14
Let l(y) = -2*y**2 + 14*y - 19. Let j be (-1)/(119/(-483) + (56/(-92))/7). Give l(j).
5
Suppose -5*g + g = 12. Let j be 1 + 7 + (g/(-1) - 1). Suppose -13*b + 27 = -j*b. Let m(c) = c**2 - 10*c - 8. Give m(b).
-17
Let f(d) = 1 - 17*d - 9*d + 0. Let u = 13232 + -13231. Give f(u).
-25
Let o(q) be the second derivative of -15/2*q**2 - 29*q - 2 + 1/12*q**4 - 4/3*q**3. What is o(9)?
-6
Let a(r) = -r**3 + 40*r**2 - 76*r - 4. Suppose -3*z - 3*b = -105, -542 = -31*z - 4*b + 624. Calculate a(z).
-4
Let r = -20504 - -20513. Let z(t) = t**3 - 8*t**2 - 9*t - 7. Determine z(r).
-7
Let j(i) = 4*i - 51. Let v be j(13). Let o be (-1*v)/(((-18)/21)/6). Let y(z) = -z**2 + 8*z - 3. Calculate y(o).
4
Let g(r) = -3*r**2 - 7*r + 10. Let q = 2306 - 2312. Calculate g(q).
-56
Let x be (-11)/(1 + 14/(-7)). Suppose -3*q + 7 = -5*u, 2*q = 3*q + 5*u + x. Let w(l) = -l**3 - l**2 + 1. Determine w(q).
1
Let j(h) = -h**3 - 3*h**2 + 6*h + 2. Let q = -16 + 18. Let f be (-5*(-1)/q)/(1/(-2)). Let d be ((-5)/(f/(-2)))/(2/4). Give j(d).
-6
Let q(k) = 5*k + 9507*k**3 + 1 + 8*k**2 - 19046*k**3 + 9540*k**3. Let l = -19 + 12. Give q(l).
15
Let d(s) = -s**2 - 41*s + 353. Let i be d(-48). Let p(x) = 2*x - 65. Determine p(i).
-31
Let w(l) = 47*l - 5. Suppose -5 = -5*g, 27*p - 4*g = 28*p - 5. Determine w(p).
42
Let n(t) = -3*t + 18. Let l(o) be the third derivative of o**6/120 + 7*o**5/30 + 11*o**4/12 - 5*o**3/2 + 156*o**2. Let i be l(-12). Give n(i).
-9
Let m(i) = 5*i**